?
15
Suppose 27 = 4*b + 2*x - 7, b - 31 = -5*x. Suppose 0 = 2*v + 2 - b. What is the greatest common factor of v and 4?
2
Suppose 2*m + 4 = -4. Let t(o) = o**2 - 5. Let d be t(m). Let b = 13 - 2. What is the highest common factor of b and d?
11
Let c be (-6)/(-21) - 19/(-7). Suppose 35 = 2*r + 3*g, -69 = -2*r + c*g - 4. Calculate the greatest common factor of r and 50.
25
Let r be (-1)/(-4) - (-654)/8. Suppose -101 - 64 = -2*t + w, r = t - w. Suppose -t + 17 = -3*y. What is the highest common divisor of y and 55?
11
Suppose 4*q = 4*k - 228, -4*q = 5*k - q - 261. Calculate the highest common factor of k and 6.
6
Let g be 4*((-6)/4 - 0). Let b = 9 - g. Suppose 3*t + 3*n = 36, -4*t = 2*n + b - 55. What is the greatest common divisor of t and 4?
4
Let a = -413 + 416. Suppose -3*f + 3*x - 5*x + 29 = 0, 0 = 5*f - 4*x - 41. What is the highest common divisor of f and a?
3
Suppose -107 - 103 = -6*d. Calculate the highest common factor of d and 5.
5
Suppose 7 = 2*w - 13. Calculate the highest common divisor of w and 15.
5
Let c = 27 + -23. What is the highest common factor of c and 2?
2
Let y(s) = -s**3 + 20*s**2 - s + 27. Let w be y(20). What is the greatest common divisor of w and 7?
7
Let t(x) = 5*x. Let j be t(2). Let w be (8 - 3)/((-1)/(-2)). Calculate the highest common divisor of j and w.
10
Let x(u) = 88*u - 5. Let r be x(2). What is the greatest common divisor of r and 19?
19
Suppose -4*o - 3*a - 11 = 0, -3*o - 4*a + 18 = -7*a. Calculate the highest common factor of o and 11.
1
Suppose 85 = 4*x - 3*d, -3*d + 0*d = 9. Calculate the highest common factor of 171 and x.
19
Suppose 22 = 9*s - 77. What is the greatest common factor of 33 and s?
11
Suppose -2*q + 68 = -76. What is the greatest common factor of q and 9?
9
Let a be (-73)/(-6) - 2/12. Calculate the highest common factor of 132 and a.
12
Suppose q + 3*l = 42, 5*l + 3 + 109 = 3*q. What is the greatest common divisor of q and 13?
13
Let s(k) = -k**3 - 2*k**2 + 3*k + 2. Let y(u) = u**3 - 9*u**2 - 4. Let r be y(9). Let t be s(r). Calculate the highest common divisor of t and 33.
11
Let r(n) = -10*n - 18. Let z be r(-17). Calculate the highest common divisor of 19 and z.
19
Let l be 16*(7 - (-2 - -3)). Suppose 3*q - 25 = -4*x, q = 5*x - q - 14. Let f(m) = 3*m. Let y be f(x). What is the greatest common divisor of l and y?
12
Let x = 146 + -143. What is the highest common factor of x and 81?
3
Suppose -186 = -4*a + 174. What is the highest common divisor of a and 30?
30
Suppose -w + 59 + 81 = 0. What is the greatest common divisor of w and 28?
28
Let y(s) = 3*s**2 - 2*s + 3. Let l be y(5). What is the greatest common divisor of l and 17?
17
Suppose 0 = b - 2*m - 78, -242 = -0*b - 3*b - 2*m. Let s = 16 - 6. What is the highest common factor of b and s?
10
Suppose -5*v - 18 = -7*v. Calculate the greatest common factor of 81 and v.
9
Let h be 7/7*(-1 + -3). Let w be 89 + -3*h/12. Calculate the greatest common divisor of w and 18.
18
Suppose -6*g + 5*y + 99 = -3*g, -2*g = 3*y - 47. What is the greatest common divisor of g and 98?
14
Let d(f) = -3*f**2 - f - 1. Let m be d(-1). Let g be ((-70)/(-21))/((-1)/m). Calculate the highest common factor of g and 70.
10
Suppose -q - 3*q + 8 = 0. Suppose 3*b - 30 = -5*x, -3*b + 9 = 3*x - 5*x. Let p = x + -1. Calculate the highest common factor of p and q.
2
Let v = -4 - -8. Suppose 0 = -v*p, 4*q + 4*p - 192 = 108. Calculate the greatest common divisor of 30 and q.
15
Let l be (-3)/(-6)*-2 + 2. Suppose -c + 3 = -2. Calculate the highest common divisor of c and l.
1
Suppose -4*p = 3*r + 427, -p + 5*r = -0*p + 101. Let x = p - -166. Calculate the highest common divisor of 15 and x.
15
Let r be ((-16)/5)/((-6)/150). What is the greatest common divisor of 16 and r?
16
Suppose 40 = 2*q + 2*a, 3*a + 36 = 2*q - 4. Let w be (7 + -5)/((-2)/(-181)). Let l = w - 121. What is the highest common divisor of q and l?
20
Suppose 35 = 4*f + s - 2*s, 4*f - 33 = 3*s. Suppose 3*p - 18 - 9 = 0. What is the highest common factor of f and p?
9
Let q(u) be the third derivative of u**5/10 - u**4/24 + u**3/2 + u**2. Let k be q(-3). What is the highest common factor of 40 and k?
20
Let c = 4 - -3. Suppose -3*m + 225 = -0*m + 3*u, m - u = 79. Calculate the greatest common factor of c and m.
7
Let u be -3 - (1 - 4 - 24). Calculate the greatest common divisor of 24 and u.
24
Suppose 0 = 4*l + 3*c - 59, 4*l - 5*c = 5*l - 19. What is the highest common factor of l and 21?
7
Let g(v) = 4*v**2 - 5*v - 2. Suppose -2*n = n - 18. Let w be g(n). Let h(j) = j**2 - 7*j - 2. Let d be h(9). Calculate the greatest common factor of w and d.
16
Suppose -435 = -3*w - 3*m, -4*m + 192 = 3*w - 248. Let u = 48 - 28. Calculate the highest common factor of u and w.
20
Suppose 2*h - 16 = -0*l - 4*l, -4*h - l + 11 = 0. Suppose 65 = 2*i - m - 2*m, h*m - 10 = 0. Calculate the highest common divisor of i and 5.
5
Let b(w) = 2*w**2 + 2*w + 1. Let h be b(2). Suppose 2*a - 1 = h. Suppose 0 = 2*p + 56 - 210. Calculate the greatest common factor of p and a.
7
Suppose 3*i = 3*c - 3, -2*c = c - 2*i - 4. Let h(r) = r. Let w be h(c). Let l be 3 + -1 - (-284)/w. What is the greatest common divisor of l and 18?
18
Suppose 8*b - 4*b + 84 = -3*r, 5*b + 4*r = -106. Let o = b - -33. Suppose 3*x = x + 10. Calculate the greatest common divisor of o and x.
5
Suppose -t = -4 - 1. Let c = t + -2. Suppose -c*p = -0*p - 15. Calculate the highest common divisor of p and 15.
5
Let r(l) = -l**3 + 28*l**2 - 26*l - 23. Let a be r(27). Calculate the greatest common factor of 6 and a.
2
Let t(q) = -4*q - 1. Let s be t(-1). Suppose 3*a + 8 = 2*a + s*j, a + j + 4 = 0. Let v = 0 - a. What is the greatest common divisor of 45 and v?
5
Let l = -4 + -35. Suppose 0*v + 171 = 3*v. Let h = v + l. Calculate the greatest common divisor of h and 90.
18
Let a be (12/9)/((-4)/(-6)). Suppose -a*d - 10 = -28. Calculate the highest common factor of d and 3.
3
Let y(s) = 2*s**2 - 5*s - 4. Let z be y(-3). Calculate the greatest common factor of z and 116.
29
Let f(l) = -l + 12. Let b be f(-20). Calculate the highest common divisor of b and 8.
8
Let u = 12 - 10. What is the highest common divisor of u and 5?
1
Let k = -12 + 17. Suppose 2*j + 1 = 9. Let l be 7 + (j/(-1) - -2). What is the highest common divisor of k and l?
5
Suppose 0 = -4*d + 69 + 67. What is the greatest common divisor of 85 and d?
17
Let a(v) be the third derivative of v**5/60 - v**4/8 - 7*v**3/6 + 2*v**2. Let z be a(6). Let p be (-22)/2*1*-5. What is the highest common divisor of p and z?
11
Suppose 3*o = -2 + 14. Let d = o + 3. Suppose 5*k + 2*v - 393 = 0, 4*k - 3*v - 509 + 213 = 0. Calculate the greatest common factor of d and k.
7
Let u = 866 - 591. Let z(o) = -5*o - 5. Let f be z(-6). Calculate the highest common divisor of f and u.
25
Let m be (15 - -1)*(-3 + 4). Calculate the greatest common factor of 8 and m.
8
Let i(v) = 18*v + 1. Let n be i(1). Suppose -194 + 574 = 4*t. Calculate the greatest common divisor of n and t.
19
Let j = 12 - 12. Suppose j = -5*x + x + 32. What is the highest common factor of x and 8?
8
Suppose 42 = -p + 3*p. Calculate the highest common factor of 168 and p.
21
Let w be (0 + 3 - 3)/3. Suppose -f + 13 = -w*f. What is the highest common factor of 39 and f?
13
Suppose -14*u - 14 = -15*u. What is the highest common factor of u and 4?
2
Let y be 19 + (-2 - 3/(-1)). Calculate the greatest common factor of 220 and y.
20
Suppose -4*l + 490 = -t + 3*t, -335 = -3*l + 5*t. What is the highest common divisor of 24 and l?
24
Let t be ((-12)/(-10))/(27/225). What is the greatest common factor of t and 250?
10
Suppose 272 = 4*a + 48. Suppose 5*v - 74 = 3*q, -3*v - 2*v = 3*q - a. Suppose 0 = -4*l + 7 + v. What is the greatest common factor of l and 25?
5
Let g be (6 - 12)*70/(-4). What is the greatest common factor of 42 and g?
21
Let k = 2 + 17. Suppose 4*j - k = 25. What is the greatest common divisor of j and 99?
11
Suppose -2*n + 6*n = -36. Let c be (-6)/8*(1 + n). Let j = 4 + c. Calculate the highest common divisor of 80 and j.
10
Let n(b) = 2*b**2 + 7*b - 4. Let s = 20 + -14. Let z be n(s). Calculate the greatest common factor of z and 22.
22
Let k = -54 - -70. What is the greatest common factor of 72 and k?
8
Suppose -t - 12*h + 25 = -9*h, t = 3*h + 7. Calculate t